6015?
False
Is 18 a factor of 495026244?
True
Does 8 divide 21644996?
False
Does 1055 divide 1689718595?
True
Is 2349592891 a multiple of 454?
False
Is 162059975 a multiple of 725?
True
Does 62 divide 3028441646?
True
Is 135 a factor of 125631945?
True
Is 13 a factor of 92148046?
False
Does 1552 divide 209259347?
False
Is 156571695 a multiple of 125?
False
Is 140 a factor of 32446812?
False
Is 490 a factor of 110007450?
True
Does 1041 divide 1052640742?
False
Is 575 a factor of 105946427?
False
Is 843 a factor of 9579499?
False
Is 61875240 a multiple of 42?
True
Is 11 a factor of 342660561?
False
Is 85 a factor of 622620429?
False
Is 14 a factor of 109459172?
False
Does 843 divide 690092445?
True
Does 68 divide 49741027?
False
Does 114 divide 693104231?
False
Is 112 a factor of 81331488?
True
Does 244 divide 84318348?
True
Is 1133047230 a multiple of 8295?
True
Is 3533 a factor of 802446757?
True
Does 217 divide 41139511?
True
Is 444272451 a multiple of 22?
False
Is 419 a factor of 539938362?
False
Does 68 divide 1786740460?
True
Does 356 divide 208428253?
False
Is 23883876 a multiple of 21?
False
Is 1834 a factor of 45419960?
False
Is 2573 a factor of 3278992605?
True
Does 49 divide 288677865?
True
Is 45191080 a multiple of 440?
True
Is 5 a factor of 29413295?
True
Is 288330084 a multiple of 63?
True
Is 555819372 a multiple of 292?
True
Is 655368854 a multiple of 161?
True
Is 129 a factor of 497295?
True
Is 234 a factor of 25587990?
False
Does 3 divide 209324244?
True
Is 3016 a factor of 539129444?
False
Does 472 divide 54814416?
False
Is 224480888 a multiple of 1322?
True
Is 131709244 a multiple of 7?
False
Is 1551515448 a multiple of 6979?
True
Is 139830838 a multiple of 149?
True
Is 83756885 a multiple of 1089?
False
Does 10 divide 115501022?
False
Is 28 a factor of 976305148?
True
Is 2390 a factor of 13934058?
False
Is 67 a factor of 24837963?
False
Does 50 divide 796507355?
False
Is 888 a factor of 32729521?
False
Is 23 a factor of 32072615?
False
Is 55370216 a multiple of 44?
True
Is 39446176 a multiple of 323?
False
Is 35 a factor of 56070595?
True
Is 52725076 a multiple of 408?
False
Is 699650733 a multiple of 4339?
True
Does 29 divide 1992591334?
True
Is 357 a factor of 104998814?
False
Is 357824175 a multiple of 10?
False
Is 42106023 a multiple of 157?
False
Does 16 divide 35341920?
True
Is 69 a factor of 13768976?
False
Is 378922845 a multiple of 15?
True
Is 4150378844 a multiple of 9548?
False
Is 644707558 a multiple of 1835?
False
Is 46 a factor of 86537638?
True
Does 17 divide 520047629?
True
Is 19199075 a multiple of 192?
False
Is 43075264 a multiple of 321?
False
Does 8 divide 12935599?
False
Is 14429092 a multiple of 199?
True
Does 15 divide 19292205?
True
Is 1615416736 a multiple of 2461?
False
Does 1574 divide 106504710?
True
Does 242 divide 182278030?
True
Is 401112858 a multiple of 17?
True
Is 86 a factor of 5300581?
False
Is 176190838 a multiple of 1691?
False
Is 288243860 a multiple of 20?
True
Is 1011232 a multiple of 5?
False
Is 160 a factor of 1281361120?
True
Is 27653769 a multiple of 117?
True
Is 23126136 a multiple of 60?
False
Does 4758 divide 8378838?
True
Is 47882604 a multiple of 2692?
True
Is 5486320 a multiple of 3535?
True
Is 24 a factor of 1865053728?
True
Is 85294223 a multiple of 1777?
True
Is 19 a factor of 1274246782?
False
Is 94 a factor of 608482774?
True
Is 247546132 a multiple of 924?
False
Is 27 a factor of 4948585299?
True
Is 31912440 a multiple of 21?
True
Does 25 divide 10085425?
True
Does 310 divide 39676200?
False
Is 116 a factor of 28826090?
False
Is 3738 a factor of 2624076?
True
Does 179 divide 46440118?
True
Is 33287741 a multiple of 133?
False
Is 85 a factor of 27686795?
True
Is 31 a factor of 321788525?
True
Is 30880527 a multiple of 113?
True
Is 4642 a factor of 1682720358?
True
Does 895 divide 122492868?
False
Is 36 a factor of 1312125084?
True
Is 74 a factor of 364022161?
False
Is 12813 a factor of 1678789637?
False
Is 399737294 a multiple of 2903?
True
Is 2522714072 a multiple of 2264?
True
Does 1200 divide 1363611556?
False
Does 7 divide 722345428?
True
Does 4145 divide 120759454?
False
Does 7 divide 27918925?
False
Is 320 a factor of 147464664?
False
Is 3789 a factor of 111120003?
True
Is 22 a factor of 50792249?
False
Is 2492 a factor of 548373006?
False
Is 10177775 a multiple of 37?
True
Is 18 a factor of 10668888?
True
Is 2 a factor of 52375950?
True
Does 289 divide 59104939?
False
Is 59 a factor of 7653856?
False
Is 526022726 a multiple of 372?
False
Does 4702 divide 424673976?
False
Is 2823768 a multiple of 204?
True
Is 1356 a factor of 59631456?
True
Does 49 divide 2774556596?
True
Is 1706751 a multiple of 3?
True
Is 2 a factor of 51377910?
True
Does 411 divide 14950146?
False
Is 160 a factor of 746866080?
True
Is 338 a factor of 173554725?
False
Is 3208891 a multiple of 53?
False
Is 54773280 a multiple of 372?
True
Does 61 divide 128611566?
False
Does 71 divide 448081?
True
Is 42 a factor of 70394828?
False
Is 29369105 a multiple of 20?
False
Is 1365692066 a multiple of 8?
False
Is 1534604346 a multiple of 9?
True
Is 25 a factor of 59437226?
False
Is 30297182 a multiple of 73?
False
Is 3173017434 a multiple of 674?
True
Is 102 a factor of 30155994?
True
Is 15042849 a multiple of 13?
False
Is 152298726 a multiple of 165?
False
Does 3 divide 428029?
False
Does 76 divide 35856130?
False
Is 262 a factor of 103499170?
True
Is 42 a factor of 120335893?
False
Is 212225997 a multiple of 1009?
True
Is 384 a factor of 50789376?
True
Does 7 divide 39538313?
False
Is 55 a factor of 116507923?
False
Is 9 a factor of 8179260?
False
Does 2583 divide 50895756?
False
Is 21815244 a multiple of 66?
True
Does 9 divide 21551809?
False
Is 656072163 a multiple of 27?
True
Does 7203 divide 4492961654?
False
Is 1820799225 a multiple of 1187?
False
Is 2328310396 a multiple of 27?
False
Does 3 divide 1396560?
True
Does 11 divide 13995234?
True
Does 31 divide 19332189?
True
Is 64 a factor of 25106688?
True
Is 452332644 a multiple of 6?
True
Is 34025046 a multiple of 411?
True
Is 319532382 a multiple of 522?
True
Does 4 divide 350829500?
True
Does 13 divide 261391338?
True
Does 3453 divide 190412232?
True
Does 71 divide 114685377?
True
Is 49454825 a multiple of 25?
True
Is 1313956864 a multiple of 1408?
True
Is 26 a factor of 56248874?
False
Is 18687250 a multiple of 170?
True
Is 635277365 a multiple of 2705?
True
Is 83 a factor of 38274537?
True
Is 118 a factor of 48946646?
False
Does 176 divide 16731057?
False
Is 1491 a factor of 29022315?
True
Is 1330595139 a multiple of 29?
True
Is 20708384 a multiple of 3067?
True
Does 5 divide 3807939?
False
Is 99597380 a multiple of 261?
False
Is 177909357 a multiple of 37?
True
Is 308195647 a multiple of 262?
False
Is 3652046160 a multiple of 80?
True
Does 36 divide 7906516?
False
Is 36201194 a multiple of 5?
False
Does 263 divide 23118207?
False
Does 2714 divide 63766793?
False
Is 8 a factor of 11927192?
True
Is 56 a factor of 231564592?
True
Is 48 a factor of 269385412?
False
Is 429 a factor of 20912034?
True
Is 3194 a factor of 237335648?
False
Is 286666776 a multiple of 4323?
True
Does 527 divide 2056191030?
False
Is 8 a factor of 427089568?
True
Is 2220166091 a multiple of 26?
False
Does 5272 divide 987377064?
True
Does 1385 divide 183146697?
False
Does 66 divide 747551574?
True
Does 220 divide 2633454?
False
Is 1303798267 a multiple of 2165?
False
Does 1629 divide 25229558?
False
Does 28 divide 115481492?
True
Does 1777 divide 127060831?
True
Does 45 divide 2296750?
False
Is 13 a factor of 34464051?
False
Does 3671 divide 486594721?
True
Is 7 a factor of 439156770?
False
Is 29516040 a multiple of 1780?
False
Is 213311974 a multiple of 70?
False
Is 12832641 a multiple of 229?
False
Is 205 a factor of 156305782?
False
Is 6 a factor of 24530199?
False
Is 482 a factor of 552372?
True
Is 13 a factor of 228565662?
True
Is 7558043 a multiple of 73?
False
Is 150601550 a multiple of 25?
True
Does 30 divide 67908052?
False
Is 499006684 a multiple of 6248?
False
Does 37 divide 18686172?
False
Does 149 divide 711465060?
False
Is 85781818 even?
True
Is 143122532 a multiple of 28?
True
Is 8 a factor of 10113088?
True
Does 724 divide 2124882804?
True
Is 97 a factor